ite?
True
Suppose 6 + 42 = 4*y. Suppose 160 = -3*g - g - t, 3*g - 4*t + 101 = 0. Is (g/y)/((-4)/48) a prime number?
False
Let x(p) = p**2 + 6*p + 1. Let m be x(-6). Let j = 3 - m. Is 2/(-4) + 39/j a prime number?
True
Let g = -11 + 9. Let h(v) = v + 4. Let j be h(g). Suppose j*l - q - 1394 = -5*q, 5*l - 3497 = -4*q. Is l a composite number?
False
Let h = -2 + 19. Let l = h + 50. Let k = l + 30. Is k prime?
True
Let t be (-2)/(-2) - (-2 + 3). Suppose t = 3*n + 3*n. Suppose 0*a - a + 145 = n. Is a composite?
True
Let v(f) = 62*f**3 - 4*f**2 - f + 1. Is v(2) a composite number?
False
Let p(k) = 107*k**2 - 30*k + 36. Is p(17) prime?
True
Let r(j) = 1175*j + 62. Is r(7) a composite number?
False
Let z be (-2)/(-6) - 217/21. Let i = 70 + z. Suppose 4*k = -5*s + 372, -2*k = -2*s - i - 126. Is k composite?
True
Let r(d) = -3*d**2 - 19*d - 31. Let v be r(-14). Let z = 138 - v. Is z a prime number?
True
Let y(l) = -21 + 6 - 3*l - 1 + 5. Suppose -40 = 3*m + m. Is y(m) a composite number?
False
Is 0 - (-2 + 7 + -184) composite?
False
Let q = 7684 - 4013. Is q a prime number?
True
Suppose 0 = t - p - 81480, -2*t - 20*p + 24*p + 162958 = 0. Is t a prime number?
False
Suppose 5*j = 3*o - 1795, -3*o + 1402 + 400 = 2*j. Suppose 4*u - 148 - 48 = 0. Let r = o + u. Is r a prime number?
False
Suppose 0 = -12*z + 65571 - 24087. Is z a prime number?
True
Is -44 + 33959 + (-11)/(-1) a prime number?
False
Suppose -192*u + 198*u = 210390. Is u a prime number?
False
Let n(o) = o**3 + 19*o**2 + 33*o + 11. Is n(-10) prime?
False
Is 498/581 - 199670/(-14) composite?
True
Suppose -5*m + 3*g = -1062, 0*m + g = m - 214. Suppose -m = -r + 787. Is r a prime number?
True
Suppose -74*d - 64671 = -77*d. Is d a composite number?
False
Suppose -1022099 = 1040*m - 1053*m. Is m composite?
False
Suppose -9*q + 20776 = -55697. Is q a composite number?
True
Let c = 7 + -3. Suppose c*n = 5*n + 3. Is (n/(-9))/(4/1356) a prime number?
True
Let o(g) = 142*g**2 + 20*g - 9. Is o(5) a composite number?
True
Let a = -1 - -91. Let h = a - 63. Let g = h - 5. Is g a composite number?
True
Suppose -6*p = -2*p + 16. Let t = 7 + p. Suppose -x + 431 - 92 = 2*g, -5*x = -t*g - 1643. Is x a prime number?
True
Suppose 4*t = -2*y - t - 1477, -4*y + 2*t - 2990 = 0. Let j = 2527 + y. Is j a composite number?
True
Let c be -642*-6*(-1)/(-4). Suppose -3*g + c = -4*q, 5*g = 3*g + 5*q + 649. Is g a prime number?
True
Let l = 188699 + -104730. Is l prime?
True
Let d = 202 + 45. Suppose -60 = -w + d. Suppose w = 4*u + 71. Is u a composite number?
False
Let c(r) = 157*r**3 + 3*r**2 + 2*r - 1. Let j(b) = -b**3 + b**2. Let m(k) = c(k) - 4*j(k). Is m(1) a composite number?
True
Let r(n) = 4*n - 17 + 13 - n. Let g be r(3). Suppose -185 = -10*s + g*s. Is s a composite number?
False
Is 18/10 + -2 + 206144/20 a prime number?
False
Let b = 0 - -7. Suppose 4*c - b = 69. Suppose -15*o = -c*o + 556. Is o prime?
True
Is (4 + (-23032)/(-16))*14 a composite number?
True
Suppose -2*l - 70859 = -3*t, -t - 28*l = -30*l - 23621. Is t prime?
False
Let b(s) = -s**2 - 7*s + 1. Let c be b(-6). Is (-266)/c*(-21)/6 composite?
True
Suppose 0 = -2*z - 21*z + 54533. Is z composite?
False
Let g be (-443 + (1 - -1))/(-1). Let n(l) = 26*l**3 + 2*l**2 - 2. Let w be n(2). Suppose g + w = 5*v. Is v a composite number?
False
Let h(f) = -f + 6. Let s be h(4). Let t(b) be the third derivative of 53*b**4/6 - 5*b**3/6 + 10*b**2. Is t(s) a composite number?
False
Suppose -3*y + 0*y + 6 = 0. Suppose -4 - y = -3*t. Suppose 0 = t*b - 0*b - 538. Is b a composite number?
False
Let s be 28*(-3 - 23) - 4. Let l = -85 - s. Is l a composite number?
False
Let w(z) be the second derivative of z**3/6 - 15*z**2/2 - 5*z. Let u be w(11). Is (-6)/u + (-2274)/(-12) composite?
False
Let y be 422*((-1)/(-2) + 2). Suppose -2879 - y = -2*w. Is w a composite number?
True
Let y(b) = 4*b**2 + 3*b - 13. Suppose -5*o - 30 = -3*l, o = 4*o - 3*l + 18. Is y(o) a prime number?
True
Let f = -3950 + 11952. Is f a prime number?
False
Let q be (-867)/(-11) + (-46)/(-253). Suppose -q*m - 7737 = -82*m. Is m prime?
True
Let s(p) = 2 + p - 2 - 1 + 0. Let y be s(8). Suppose y*z - 1419 = 4*z. Is z a composite number?
True
Let p(d) = -d**2 + 3*d - 26. Let s be p(23). Let a = 481 - s. Is a prime?
True
Let n = -811 - -476. Let w = -94 + n. Let h = 908 + w. Is h a prime number?
True
Suppose 34120 - 110272 = -24*b. Is b a composite number?
True
Let j(s) be the third derivative of 1/15*s**5 + 0 + 3*s**2 - 1/6*s**4 + 1/6*s**3 + 0*s. Is j(6) prime?
False
Suppose 0 = -2*u + 2*k - 5*k, 0 = 2*u - 2*k. Let o be (-27)/(-12) - 1/4. Suppose 0*x - 2*x + r + 230 = u, -o*r + 460 = 4*x. Is x a prime number?
False
Let w(b) = -b**2 - 2*b + 6. Let y be w(6). Let m be y/30 + 2/5. Let x(v) = -2*v + 1. Is x(m) composite?
False
Suppose 0 = 4*d + x + 4*x + 86, 2*x - 28 = d. Let r = -60 - -2. Let m = d - r. Is m a composite number?
True
Let x(i) = 47*i - 23 + 54*i - 37*i. Is x(8) a composite number?
True
Let l(a) = -17*a - 5. Let m be l(-3). Let z = 111 + m. Is z prime?
True
Let r = -4059 - -15920. Is r composite?
True
Suppose -11*a + 51364 = -7*a. Is a prime?
True
Suppose k - 655 = 4*c - 154, 3*c - 3*k + 378 = 0. Let f(h) = 6*h**2 + 7*h - 26. Let y be f(-7). Let q = y + c. Is q composite?
True
Is 10 + -5 + (-564552)/(-12) a composite number?
False
Is (3/((-12)/(-28)))/((-11)/(-76637)) a prime number?
False
Let s = 370 + -277. Is s a prime number?
False
Suppose n - 4*d - 142 = -2*d, -5*d = 5*n - 740. Suppose 0 = -3*z + n + 13. Is z a prime number?
True
Suppose -16434 - 13290 = -4*x. Is x a prime number?
False
Let m(b) be the first derivative of 211*b**2/2 + 16*b - 1. Let d be m(9). Let f = -812 + d. Is f a prime number?
True
Suppose 37*d - 9066 = 35*d. Is d composite?
True
Let n be ((-2)/8)/(((-6)/8)/(-3)). Let p(d) = -312*d + 5. Is p(n) composite?
False
Let g = 84 + -111. Is -2174*(g/(-6))/(-9) prime?
True
Suppose -1 = -4*b + 7. Suppose -3*d + b + 1 = 0. Is (1338/(-24))/(d/(-4)) composite?
False
Let c be -6*(-2)/4 + 2. Suppose -c*h = 5*j - 5405, h + 2*j - 4316 = -3*h. Is h composite?
True
Let b(x) = 531*x**2 + 5*x - 17. Let c be b(4). Suppose 8*j + c - 39979 = 0. Is j prime?
False
Let k(n) = n**2 + 6*n + 7. Suppose -3*b + 3*v = 13 + 2, 4*v = -2*b - 22. Let m(u) = u**3 + 7*u**2 - 2*u - 8. Let a be m(b). Is k(a) prime?
True
Is 262*3 + (-11 - -8 - -4) a composite number?
False
Suppose 4*h - 2049 - 12403 = 0. Is h prime?
True
Suppose -2*j + 5 = 3, 3*r - 4*j = 10937. Let x = r + -928. Is x a composite number?
False
Let z(v) = v**3 - 8*v**2 + 6*v + 6. Let i be z(7). Let m be 2 + (i - (-8)/4). Suppose -m*n + 272 = -5*w + 16, -3*n = 2*w - 263. Is n prime?
False
Let f(g) = g - 11. Let p be f(0). Let v(t) = -5*t + 15. Let w be v(p). Is (w/(-3))/((-4)/6) a prime number?
False
Let h(d) = 1375*d + 26. Is h(9) a prime number?
True
Let s(r) = 65*r**2 + r + 2. Let t = 17 + -15. Let i be s(t). Let j = i + -103. Is j a prime number?
False
Suppose 4*k - 24 = 4*v - 2*v, -3*v - 20 = -2*k. Suppose k*f = f + 1137. Suppose 565 = 4*s - 3*b, 216 = 4*s + 3*b - f. Is s a prime number?
False
Suppose 5*s - 2*m = 51, 4*s + 2*m = 10 + 38. Let y(d) = -d**3 + 13*d**2 - 14*d - 3. Is y(s) composite?
True
Let i(d) = d**2 - 6. Let n be i(-4). Let l be (-141)/(-15) - (-6)/n. Suppose -3*k - 5*q + 1423 = 0, 10*q - l = 5*q. Is k composite?
True
Is 1*((-20)/(-40))/(2/524) a prime number?
True
Let g be 100/(-30)*(-3)/2. Suppose -r + 4*r = 3*y - 6984, 5*r - 11690 = -g*y. Is y prime?
True
Let c(q) = 380*q**3 - 3*q + 2. Let d = 40 - 39. Is c(d) a composite number?
False
Let o = 5776 - 2613. Is o prime?
True
Suppose 0 = 2*a + 4*a + 23364. Is a/(-9)*3/2 a prime number?
False
Let t(i) = -2*i**3 - 10*i**2 - 8*i - 23. Let q(m) = -m**3 - 5*m**2 - 4*m - 11. Let x(y) = -11*q(y) + 6*t(y). Is x(-16) composite?
True
Let d(g) = g**3 - 10*g**2 + 16*g + 2. Let q be d(8). Is -614*(-5)/40 + q/8 prime?
False
Let r(k) = 9*k**2 + 4*k - 10. Let c(y) = 9*y**2 + 5*y - 11. Let q(h) = -3*c(h) + 4*r(h). Is q(-3) composite?
False
Suppose 0*z + 2*z - 52763 = -5*a, 2*z + 4*a - 52760 = 0. Is z a composite number?
True
Let m be (-4)/(-24) + 34/12. Suppose -2*a = 2*o + 2 - 8, -4*o = -m*a - 33. Is (178*3/o)/1 composite?
False
Suppose 66*l - 16*l = 308950. Is l a prime number?
False
Let m(d) =